late o(3).
51
Let p(q) = -5*q**2 - 3. Calculate p(-1).
-8
Let a(o) = o**3 + 15*o**2 - 30*o + 9. Give a(-17).
-59
Let p(c) = 9*c - 35. Determine p(17).
118
Let j(m) = 2*m**2 + 25*m + 76. Give j(-8).
4
Let z(x) = 4*x - 167. Give z(42).
1
Let g(x) = -3*x**2 + x + 5. Determine g(-2).
-9
Let r(g) = g**3 - 9*g**2 + 8*g + 7. Calculate r(8).
7
Let r(x) = -2*x + 3. Determine r(4).
-5
Let o(y) = -y**3 + 5*y**2 - 5*y + 11. Give o(5).
-14
Let n(m) = m**2 + 14*m + 29. What is n(-12)?
5
Let j(i) = i. What is j(5)?
5
Let j(h) = -2*h**2 - 3*h - 1. Give j(3).
-28
Let q(i) = -i**2 - 14*i + 18. What is q(-12)?
42
Let f(c) = -c - 40. Calculate f(-9).
-31
Let w(u) = -u**3 - 6*u**2 - 8*u - 3. What is w(-5)?
12
Let a(u) = 2*u**2 - 16*u + 12. Determine a(6).
-12
Let n(s) = -s**2 + 13*s + 18. Calculate n(14).
4
Let d(y) = 4*y + 60. Determine d(-8).
28
Let u(j) = 5*j + 23. What is u(-9)?
-22
Let t(i) = 23*i + 29. Determine t(-1).
6
Let c(n) = -n**2 + 14*n + 42. Calculate c(17).
-9
Let p(z) = -z**2 + 13*z + 7. Determine p(12).
19
Let d(f) = f**3 + 5*f**2 - 3*f - 6. Determine d(-5).
9
Let p(j) = 19*j - 37. Determine p(2).
1
Let j(s) = s**3 - 4*s**2 - 22*s + 94. What is j(5)?
9
Let n(s) = -s**3 + 4*s**2 - 4*s + 6. Determine n(4).
-10
Let k(z) = -6*z - 2. Give k(-9).
52
Let v(z) = z**3 + 2*z**2 - 4*z - 3. What is v(-3)?
0
Let p(y) = 4*y + 33. What is p(-10)?
-7
Let m(d) = d**3 - 7*d**2 - d - 10. What is m(8)?
46
Let y(p) = 17*p**2 + 7*p + 6. Determine y(-1).
16
Let w(s) = 106*s**2 + 1. Determine w(-1).
107
Let j(s) = -s**2 + s + 11. Calculate j(5).
-9
Let v(m) = m**3 + 2*m**2 - 13*m - 3. Calculate v(3).
3
Let g(m) = -4*m**2 - 3*m + 3. Calculate g(-3).
-24
Let u(c) = c**2 - 14*c + 14. What is u(11)?
-19
Let o(b) = -23*b + 99. Give o(4).
7
Let l(f) = f**3 + 26*f**2 + 25*f - 34. What is l(-25)?
-34
Let w(o) = -51*o - 191. Calculate w(-4).
13
Let j(n) = -n**2 + 8*n - 9. Give j(5).
6
Let b(m) = -m**3 + 5*m**2 + 7*m - 3. Calculate b(6).
3
Let x(m) = -m - 5. What is x(-6)?
1
Let l(p) = 4*p - 32. Determine l(7).
-4
Let w(t) = t**2 - 2*t - 6. What is w(0)?
-6
Let f(s) = -4*s**2 - 11*s - 19. Calculate f(-5).
-64
Let w(r) = -3*r + 30. Determine w(-4).
42
Let l(w) = -2*w**2 + 9*w + 23. Give l(6).
5
Let p(j) = -22*j**2 - 6*j + 9. Calculate p(1).
-19
Let x(l) = l**2 + 4*l + 3. What is x(-8)?
35
Let x(l) = 7*l**2 + 17*l - 16. Calculate x(1).
8
Let s(w) = -w**3 - 3*w**2 + 4*w - 6. What is s(-4)?
-6
Let x(y) = y**2 + 6*y - 5. What is x(-4)?
-13
Let n(r) = -r**2 + 3*r - 8. Calculate n(4).
-12
Let w(u) = 6*u**2 + 9*u - 26. Determine w(3).
55
Let x(f) = 8*f + 96. What is x(-11)?
8
Let b(j) = j**2 - 4*j + 8. Determine b(5).
13
Let d(p) = 22*p + 5. Determine d(1).
27
Let y(z) = 3*z**3 + 3*z**2 - 3*z + 1. Determine y(1).
4
Let o(j) = j**2 + 17*j + 25. What is o(-16)?
9
Let l(c) = -4*c**2 - c - 1. What is l(2)?
-19
Let o(d) = 5*d**3 - d**2 - d. Calculate o(-1).
-5
Let g(d) = -4*d**2 + 42*d - 23. What is g(10)?
-3
Let s(q) = 33*q**2 - 3*q + 2. Calculate s(2).
128
Let z(u) = -u**3 + 3*u**2 - 2*u. Calculate z(2).
0
Let p(h) = 13*h - 24. Determine p(14).
158
Let t(q) = 21*q**2 - q + 3. Determine t(2).
85
Let q(t) = t**3 - 18*t**2 - 17*t - 16. Give q(19).
22
Let c(x) = -x**2 - 10*x - 5. Calculate c(5).
-80
Let m(i) = -i**3 - i**2 - 2*i - 4. Determine m(0).
-4
Let j(n) = n**3 - 12*n**2 + 21*n - 10. What is j(10)?
0
Let q(m) = 28*m - 8. What is q(-1)?
-36
Let d(n) = -59*n**3 + n**2 - n. Calculate d(1).
-59
Let q(m) = -18*m - 12. Calculate q(-5).
78
Let l(k) = -89*k + 1700. Calculate l(19).
9
Let n(k) = k + 10. Calculate n(-17).
-7
Let o(h) = -h**3 + 8*h**2 - 10*h + 8. Determine o(7).
-13
Let k(b) = 3*b**3 + 42*b**2 + 32*b - 88. Calculate k(-13).
3
Let s(k) = -10*k + 43. Give s(12).
-77
Let f(p) = -8*p - 60. What is f(-11)?
28
Let r(c) = c**2 - 15*c + 2. Determine r(13).
-24
Let k(g) = g**2 + 16*g + 1. Give k(-14).
-27
Let a(v) = -2*v**2 + 3*v + 1. Give a(3).
-8
Let b(s) = s**3 + 3*s**2 - 65*s + 7. Calculate b(-10).
-43
Let z(w) = -22*w - 16. Give z(3).
-82
Let a(f) = -12*f + 6. What is a(-6)?
78
Let c(x) = 8*x**2 + 31*x + 1. Give c(-4).
5
Let r(o) = -o**2 + 6*o + 5. Give r(-1).
-2
Let s(k) = k + 25. Determine s(-21).
4
Let m(c) = -c**2 - 9*c + 142. Give m(8).
6
Let h(o) = o**3 + 9*o**2 + 10*o + 9. Determine h(-8).
-7
Let p(r) = r - 28. Calculate p(22).
-6
Let a(j) = -j**3 - 5*j**2 - j + 3. Calculate a(-3).
-12
Let p(v) = v + 3. Give p(15).
18
Let n(j) = j - 5. Give n(-10).
-15
Let n(b) = b**2 + 32*b + 62. Give n(-30).
2
Let r(p) = 27*p + 1. Determine r(-1).
-26
Let j(u) = -u + 9. Give j(-4).
13
Let k(l) = l**2 - 10*l + 11. Calculate k(9).
2
Let f(r) = r**3 - 6*r**2 - 7*r + 22. Give f(8).
94
Let p(k) = -2*k**2 - 31*k - 8. Determine p(-15).
7
Let a(t) = -5*t - 61. Determine a(-13).
4
Let y(l) = l**2 + 12*l + 9. What is y(-11)?
-2
Let y(t) = 4*t - 28. What is y(9)?
8
Let h(t) = -5*t - 17. Give h(1).
-22
Let r(m) = -2*m - 9. Determine r(-5).
1
Let m(n) = n**3 - 5*n**2 - 7*n + 2. Calculate m(7).
51
Let n(j) = -8*j - 49. What is n(-6)?
-1
Let l(t) = -8*t**2 + 4*t + 4. What is l(-1)?
-8
Let t(y) = 4*y**2 + 5*y + 5. What is t(-2)?
11
Let a(s) = s - 25. Calculate a(21).
-4
Let v(x) = x**3 + 6*x**2 - 8*x + 1. Calculate v(-7).
8
Let d(g) = -4*g**2 - 69*g + 40. Give d(-18).
-14
Let s(g) = g**2 - 6*g + 12. Calculate s(5).
7
Let h(a) = -a**2 - 3*a + 9. Give h(-7).
-19
Let x(h) = -4*h + 23. What is x(8)?
-9
Let x(v) = -v**2 - 26*v + 20. Determine x(-27).
-7
Let g(h) = 50*h + 44. What is g(-1)?
-6
Let m(g) = 34*g**3 - 2*g - 1. Give m(-1).
-33
Let y(q) = -q**3 - 9*q**2 - 8*q - 7. Give y(-7).
-49
Let g(r) = 2*r - 23. Calculate g(8).
-7
Let w(n) = -2*n + 3. What is w(3)?
-3
Let f(l) = -l**2 + 11*l - 18. Calculate f(5).
12
Let p(g) = -g**2 + 12*g - 11. Determine p(5).
24
Let z(c) = c**3 - 2*c**2 - 2*c + 4. Determine z(4).
28
Let d(p) = 5*p + 22. Calculate d(-15).
-53
Let s(m) = -m**3 - 10*m**2 - 9*m + 9. Give s(-2).
-5
Let b(l) = 7*l + 26. Determine b(-6).
-16
Let w(j) = -j**3 + 15*j**2 - 12*j - 30. Determine w(14).
-2
Let l(n) = -22*n + 170. Determine l(8).
-6
Let n(h) = 10*h + 1. Give n(-1).
-9
Let z(c) = c**3 + 8*c**2 + 2*c + 7. Give z(-8).
-9
Let s(o) = -o**2 + 4*o + 29. Give s(-4).
-3
Let v(s) = 4*s - 6. Calculate v(7).
22
Let d(x) = -x - 9. Calculate d(-10).
1
Let z(h) = 3*h - 33. Determine z(-15).
-78
Let h(c) = -2*c**2 + 6*c - 10. What is h(5)?
-30
Let a(f) = f**3 - 13*f**2 + 15*f + 8. Give a(12).
44
Let j(w) = -2*w + 10. Calculate j(6).
-2
Let c(d) = 8*d - 6. Determine c(-1).
-14
Let a(g) = g**3 - 10*g**2 + 16*g - 17. What is a(8)?
-17
Let t(c) = 2*c**3 - 2*c + 3. Calculate t(1).
3
Let l(p) = 3*p**3 - 42*p**2 + 39*p - 1. What is l(13)?
-1
Let y(j) = -j**2 + 3*j + 2. What is y(-3)?
-16
Let m(b) = b**2 - 12*b + 41. Determine m(3).
14
Let b(a) = 5*a - 21. Calculate b(-11).
-76
Let c(t) = t**3 - t**2 - 11*t + 11. Give c(3).
-4
Let g(j) = -2*j**2 + 73*j - 37. What is g(36)?
-1
Let u(s) = s**2 + 3*s - 5. What is u(-3)?
-5
Let i(g) = g**2 - 18*g - 25. Determine i(19).
-6
Let c(j) = -j**2 - 7*j - 2. Determine c(-5).
8
Let p(s) = -s**3 - 38*s**2 - 39*s - 84. Calculate p(-37).
-10
Let h(q) = -5*q - 46. Determine h(-10).
4
Let g(d) = 97*d**3 - d**2 - 2*d - 1. Calculate g(-1).
-97
Let l(r) = r**3 + 11*r**2 - 20*r - 102. Give l(-12).
-6
Let z(d) = 2*d**3 + 12*d**2 + 13*d + 7. Calculate z(-5).
-8
Let c(v) = -v + 23. Give c(20).
3
Let v(p) = 3*p + 11. Calculate v(-3).
2
Let h(i) = -10*i + 299. Give h(29).
9
Let f(s) = 23*s + 16. Give f(-5).
-99
Let d(h) = -19*h**3 + h. Calculate d(1).
-18
Let l(n) = n**2 - 3*n - 1. Calculate l(3).
-1
Let r(g) = -g**2 - 4*g + 12. Determine r(-7).
-9
Let w(p) = 20*p**2 + 2*p + 1. Calculate w(-1).
19
Let p(t) = 3*t**2 - 28*t - 8. Determine p(9).
-17
Let r(o) = -o**3 - 14*o**2 - 2*o - 20. Calculate r(-14).
8
Let y(h) = -2*h + 30. What is y(17)?
-4
Let t(d) = -d**3 - 32*d**2 + 63*d - 137. Determine t(-34).
33
Let z(a) = -3*a + 3. Calculate z(12).
-33
Let q(b) = 6*b + 46. Calculate q(-9).
-8
Let c(g) = -g**3 + 6*g**2 + 7*g - 6. Determine c(7).
-6
Let y(f) = -f**3 + 5*f**2 + 5*f. Determine y(6).
-6
Let u(t) = -t - 23. Calculate u(-17).
-6
Let j(k) = k**3 - 15*k**2 - 21*k + 56. What is j(16)?
-24
Let k(o) = -o**2 - o - 39. Determine k(0).
-39
Let t(n) = 2*n**2 + 3*n - 7. Determine t(-9).
128
Let h(